122
What is the remainder when 478827 is divided by 3071?
2822
Calculate the remainder when 144683 is divided by 2832.
251
Calculate the remainder when 22175585 is divided by 1886.
1883
What is the remainder when 10911227 is divided by 18525?
2
Calculate the remainder when 159507 is divided by 5694.
75
What is the remainder when 264924 is divided by 43893?
1566
Calculate the remainder when 762192 is divided by 6929.
2
Calculate the remainder when 447058 is divided by 7686.
1270
What is the remainder when 201119967 is divided by 11548?
11547
What is the remainder when 548888 is divided by 18?
14
Calculate the remainder when 260928657 is divided by 30.
27
Calculate the remainder when 2970975 is divided by 6.
3
What is the remainder when 6927792 is divided by 2309261?
9
What is the remainder when 198873 is divided by 369?
351
Calculate the remainder when 481993 is divided by 481983.
10
Calculate the remainder when 27947164 is divided by 843.
28
What is the remainder when 315875 is divided by 78949?
79
Calculate the remainder when 23858 is divided by 3376.
226
What is the remainder when 80581173 is divided by 947?
943
What is the remainder when 29646709 is divided by 202?
179
Calculate the remainder when 8131654 is divided by 1325.
129
Calculate the remainder when 8423030 is divided by 8423006.
24
What is the remainder when 4855171 is divided by 48071?
0
Calculate the remainder when 601834 is divided by 2529.
2461
Calculate the remainder when 3572281 is divided by 893068.
9
Calculate the remainder when 26533193 is divided by 661.
653
What is the remainder when 1300704 is divided by 1115?
614
What is the remainder when 2617293 is divided by 1271?
304
Calculate the remainder when 243710910 is divided by 4.
2
What is the remainder when 119962793 is divided by 3057?
3056
Calculate the remainder when 151283890 is divided by 158.
154
Calculate the remainder when 13247082 is divided by 2207846.
6
Calculate the remainder when 6109158 is divided by 4532.
22
What is the remainder when 3901478 is divided by 18?
14
Calculate the remainder when 43420067 is divided by 40770.
17
What is the remainder when 4410605 is divided by 82?
71
Calculate the remainder when 2507147 is divided by 2330.
67
Calculate the remainder when 38784192 is divided by 29903.
1
What is the remainder when 13961030 is divided by 29025?
5
What is the remainder when 937579 is divided by 5337?
3604
Calculate the remainder when 26785 is divided by 2426.
99
Calculate the remainder when 872710 is divided by 14.
6
What is the remainder when 1100716 is divided by 366886?
58
Calculate the remainder when 2031754 is divided by 112.
74
Calculate the remainder when 11545 is divided by 11520.
25
Calculate the remainder when 90031023 is divided by 234.
225
What is the remainder when 7525883 is divided by 10675?
8
What is the remainder when 50241 is divided by 24743?
755
What is the remainder when 15398 is divided by 2160?
278
What is the remainder when 3915723 is divided by 46?
19
What is the remainder when 178673 is divided by 181?
26
Calculate the remainder when 40794083 is divided by 18.
17
Calculate the remainder when 785455 is divided by 27080.
135
Calculate the remainder when 101856 is divided by 621.
12
Calculate the remainder when 64860 is divided by 19910.
5130
What is the remainder when 2577249 is divided by 214769?
21
Calculate the remainder when 924 is divided by 904.
20
Calculate the remainder when 121395 is divided by 60328.
739
What is the remainder when 370045 is divided by 207?
136
What is the remainder when 28574 is divided by 292?
250
Calculate the remainder when 909573 is divided by 303182.
27
Calculate the remainder when 124767976 is divided by 19.
11
What is the remainder when 42714827 is divided by 14238274?
5
Calculate the remainder when 414550 is divided by 1392.
1126
What is the remainder when 26289735 is divided by 18?
15
Calculate the remainder when 34012 is divided by 620.
532
What is the remainder when 860021 is divided by 71466?
2429
What is the remainder when 656115 is divided by 327460?
1195
What is the remainder when 202840619 is divided by 5?
4
Calculate the remainder when 363190 is divided by 13966.
74
Calculate the remainder when 278129 is divided by 68157.
5501
What is the remainder when 1610048 is divided by 536633?
149
Calculate the remainder when 7890034 is divided by 44.
42
Calculate the remainder when 11452959 is divided by 84.
63
What is the remainder when 193019 is divided by 10521?
3641
What is the remainder when 265607699 is divided by 25?
24
What is the remainder when 45498658 is divided by 5638?
5636
Calculate the remainder when 6056301 is divided by 58.
57
What is the remainder when 7444266 is divided by 1331?
1314
Calculate the remainder when 6604419 is divided by 2869.
2850
Calculate the remainder when 129453 is divided by 3525.
2553
Calculate the remainder when 755261 is divided by 1870.
1651
What is the remainder when 41420390 is divided by 2761358?
20
Calculate the remainder when 4485611 is divided by 1322.
65
Calculate the remainder when 21578056 is divided by 1580.
1576
What is the remainder when 8887522 is divided by 1644?
58
What is the remainder when 70081007 is divided by 35040501?
5
Calculate the remainder when 226535 is divided by 113227.
81
Calculate the remainder when 31648 is divided by 257.
37
What is the remainder when 5060568 is divided by 389273?
19
What is the remainder when 2215075 is divided by 499?
14
What is the remainder when 78644228 is divided by 43022?
12
Calculate the remainder when 5553 is divided by 5537.
16
Calculate the remainder when 3025721 is divided by 650.
621
What is the remainder when 842465 is divided by 990?
965
Calculate the remainder when 103227 is divided by 597.
543
What is the remainder when 957391 is divided by 32?
15
What is the remainder when 26530359 is divided by 116?
115
What is the remainder when 133835176 is divided by 37?
34
What is the remainder when 223359086 is divided by 139?
125
Calculate the remainder when 18425543 is divided by 9949.
9944
What is the remainder when 90403 is divided by 2269?
1912
Calculate the remainder when 32644 is divided by 1692.
496
What is the remainder when 3156292 is divided by 7736?
4
Calculate the remainder when 3128427 is divided by 2363.
2178
Calculate the remainder when 7464847 is divided by 386.
379
Calculate the remainder when 250835 is divided by 22770.
365
What is the remainder when 646951 is divided by 8?
7
Calculate the remainder when 6015439 is divided by 2005134.
37
Calculate the remainder when 48519039 is divided by 1637.
1633
Calculate the remainder when 2431194 is divided by 1646.
52
What is the remainder when 94480 is divided by 5593?
4992
Calculate the remainder when 1015731 is divided by 277.
249
What is the remainder when 7781024 is divided by 103?
95
Calculate the remainder when 46318468 is divided by 291.
289
What is the remainder when 315209 is divided by 315204?
5
What is the remainder when 11696642 is divided by 155955?
17
Calculate the remainder when 1629178932 is divided by 85.
82
Calculate the remainder when 26286 is divided by 184.
158
Calculate the remainder when 874443 is divided by 309.
282
What is the remainder when 900507 is divided by 8184?
267
Calculate the remainder when 5866245 is divided by 838019.
112
Calculate the remainder when 1085523 is divided by 2270.
463
Calculate the remainder when 38814 is divided by 38719.
95
What is the remainder when 13411424 is divided by 1490157?
11
Calculate the remainder when 3828474 is divided by 52.
26
What is the remainder when 650501 is divided by 83?
30
What is the remainder when 1787704 is divided by 893848?
8
What is the remainder when 543897 is divided by 4507?
3057
Calculate the remainder when 1741071 is divided by 4372.
1015
What is the remainder when 13897055 is divided by 33?
29
Calculate the remainder when 13635 is divided by 2680.
235
Calculate the remainder when 8220078 is divided by 456646.
450
Calculate the remainder when 402440 is divided by 409.
393
What is the remainder when 486594 is divided by 15206?
2
Calculate the remainder when 37694386 is divided by 17.
14
Calculate the remainder when 581207 is divided by 145296.
23
What is the remainder when 1229595 is divided by 24